{"id":337,"date":"2019-11-09T09:02:39","date_gmt":"2019-11-09T08:02:39","guid":{"rendered":"http:\/\/aikido-lege-cap-ferret.fr\/?page_id=337"},"modified":"2019-11-14T09:26:51","modified_gmt":"2019-11-14T08:26:51","slug":"le-dojo","status":"publish","type":"page","link":"https:\/\/aikido-lege-cap-ferret.fr\/?page_id=337","title":{"rendered":"Le Dojo"},"content":{"rendered":"\n<div class=\"wp-block-image\"><figure class=\"aligncenter is-resized\"><a href=\"http:\/\/www.ville-lege-capferret.fr\/\" target=\"_blank\" rel=\"noreferrer noopener\"><img loading=\"lazy\" src=\"http:\/\/aikido-lege-cap-ferret.fr\/wp-content\/uploads\/2019\/11\/logo-mairie.jpg\" alt=\"\" class=\"wp-image-345\" width=\"284\" height=\"89\" srcset=\"https:\/\/aikido-lege-cap-ferret.fr\/wp-content\/uploads\/2019\/11\/logo-mairie.jpg 905w, https:\/\/aikido-lege-cap-ferret.fr\/wp-content\/uploads\/2019\/11\/logo-mairie-300x94.jpg 300w, https:\/\/aikido-lege-cap-ferret.fr\/wp-content\/uploads\/2019\/11\/logo-mairie-768x241.jpg 768w\" sizes=\"(max-width: 284px) 85vw, 284px\" \/><\/a><\/figure><\/div>\n\n\n\n<p> CAP A\u00cfKIDO \u00e0 sign\u00e9 une convention de mise \u00e0 disposition du dojo de  <a href=\"http:\/\/www.ville-lege-capferret.fr\/\">L\u00e8ge-Cap Ferret<\/a> avec la Municipalit\u00e9. Les locaux sont mis \u00e0 disposition \u00e0  titre gratuit. CAP A\u00cfKIDO s&rsquo;est engag\u00e9 \u00e0 participer occasionnellement \u00e0  titre b\u00e9n\u00e9vole \u00e0 une ou plusieurs manifestation organis\u00e9es par la  Municipalit\u00e9. <\/p>\n\n\n\n<figure class=\"wp-block-image\"><img loading=\"lazy\" width=\"1024\" height=\"768\" src=\"http:\/\/aikido-lege-cap-ferret.fr\/wp-content\/uploads\/2019\/11\/IMG_20191112_220454-1024x768.jpg\" alt=\"\" class=\"wp-image-342\" srcset=\"https:\/\/aikido-lege-cap-ferret.fr\/wp-content\/uploads\/2019\/11\/IMG_20191112_220454-1024x768.jpg 1024w, https:\/\/aikido-lege-cap-ferret.fr\/wp-content\/uploads\/2019\/11\/IMG_20191112_220454-300x225.jpg 300w, https:\/\/aikido-lege-cap-ferret.fr\/wp-content\/uploads\/2019\/11\/IMG_20191112_220454-768x576.jpg 768w, https:\/\/aikido-lege-cap-ferret.fr\/wp-content\/uploads\/2019\/11\/IMG_20191112_220454-1200x900.jpg 1200w\" sizes=\"(max-width: 709px) 85vw, (max-width: 909px) 67vw, (max-width: 1362px) 62vw, 840px\" \/><figcaption>Dojo<\/figcaption><\/figure>\n\n\n\n<p style=\"text-align:center\">Le Dojo se situe 61, Avenue de la Mairie, 33950 L\u00e8ge-Cap-Ferret <br><a rel=\"noreferrer noopener\" href=\"https:\/\/www.google.fr\/maps\/place\/61+Avenue+de+la+Mairie,+33950+L%C3%A8ge-Cap-Ferret\/@44.7933973,-1.1492094,17z\/data=!3m1!4b1!4m5!3m4!1s0xd54a690d9dc03ef:0xfa2f3386fdb1b5a2!8m2!3d44.7933973!4d-1.1470207?hl=fr\" target=\"_blank\">Cliquer pour voir le plan d\u2019acc\u00e8s<\/a><\/p>\n","protected":false},"excerpt":{"rendered":"<p>CAP A\u00cfKIDO \u00e0 sign\u00e9 une convention de mise \u00e0 disposition du dojo de L\u00e8ge-Cap Ferret avec la Municipalit\u00e9. Les locaux sont mis \u00e0 disposition \u00e0 titre gratuit. CAP A\u00cfKIDO s&rsquo;est engag\u00e9 \u00e0 participer occasionnellement \u00e0 titre b\u00e9n\u00e9vole \u00e0 une ou plusieurs manifestation organis\u00e9es par la Municipalit\u00e9. Le Dojo se situe 61, Avenue de la Mairie, &hellip; <a href=\"https:\/\/aikido-lege-cap-ferret.fr\/?page_id=337\" class=\"more-link\">Continuer la lecture<span class=\"screen-reader-text\"> de &laquo;&nbsp;Le Dojo&nbsp;&raquo;<\/span><\/a><\/p>\n","protected":false},"author":1,"featured_media":0,"parent":0,"menu_order":0,"comment_status":"closed","ping_status":"closed","template":"","meta":[],"_links":{"self":[{"href":"https:\/\/aikido-lege-cap-ferret.fr\/index.php?rest_route=\/wp\/v2\/pages\/337"}],"collection":[{"href":"https:\/\/aikido-lege-cap-ferret.fr\/index.php?rest_route=\/wp\/v2\/pages"}],"about":[{"href":"https:\/\/aikido-lege-cap-ferret.fr\/index.php?rest_route=\/wp\/v2\/types\/page"}],"author":[{"embeddable":true,"href":"https:\/\/aikido-lege-cap-ferret.fr\/index.php?rest_route=\/wp\/v2\/users\/1"}],"replies":[{"embeddable":true,"href":"https:\/\/aikido-lege-cap-ferret.fr\/index.php?rest_route=%2Fwp%2Fv2%2Fcomments&post=337"}],"version-history":[{"count":6,"href":"https:\/\/aikido-lege-cap-ferret.fr\/index.php?rest_route=\/wp\/v2\/pages\/337\/revisions"}],"predecessor-version":[{"id":348,"href":"https:\/\/aikido-lege-cap-ferret.fr\/index.php?rest_route=\/wp\/v2\/pages\/337\/revisions\/348"}],"wp:attachment":[{"href":"https:\/\/aikido-lege-cap-ferret.fr\/index.php?rest_route=%2Fwp%2Fv2%2Fmedia&parent=337"}],"curies":[{"name":"wp","href":"https:\/\/api.w.org\/{rel}","templated":true}]}}