{"id":29,"date":"2019-08-18T12:11:44","date_gmt":"2019-08-18T10:11:44","guid":{"rendered":"http:\/\/aikido-lege-cap-ferret.fr\/?page_id=29"},"modified":"2025-06-28T10:17:03","modified_gmt":"2025-06-28T08:17:03","slug":"le-club","status":"publish","type":"page","link":"https:\/\/aikido-lege-cap-ferret.fr\/?page_id=29","title":{"rendered":"Le Club"},"content":{"rendered":"\n<figure class=\"wp-block-image\"><img loading=\"lazy\" width=\"1024\" height=\"175\" src=\"http:\/\/aikido-lege-cap-ferret.fr\/wp-content\/uploads\/2019\/08\/Bandeau-1024x175.jpg\" alt=\"\" class=\"wp-image-35\" srcset=\"https:\/\/aikido-lege-cap-ferret.fr\/wp-content\/uploads\/2019\/08\/Bandeau-1024x175.jpg 1024w, https:\/\/aikido-lege-cap-ferret.fr\/wp-content\/uploads\/2019\/08\/Bandeau-300x51.jpg 300w, https:\/\/aikido-lege-cap-ferret.fr\/wp-content\/uploads\/2019\/08\/Bandeau-768x131.jpg 768w, https:\/\/aikido-lege-cap-ferret.fr\/wp-content\/uploads\/2019\/08\/Bandeau-1568x268.jpg 1568w\" sizes=\"(max-width: 709px) 85vw, (max-width: 909px) 67vw, (max-width: 1362px) 62vw, 840px\" \/><\/figure>\n\n\n\n<p class=\"has-medium-font-size\">Le dojo se situe dans le bourg de L\u00e8ge :  <br>61, Avenue de la Mairie, 33950 L\u00e8ge-Cap-Ferret <br><a href=\"https:\/\/www.google.fr\/maps\/place\/61+Avenue+de+la+Mairie,+33950+L%C3%A8ge-Cap-Ferret\/@44.7933973,-1.1492094,17z\/data=!3m1!4b1!4m5!3m4!1s0xd54a690d9dc03ef:0xfa2f3386fdb1b5a2!8m2!3d44.7933973!4d-1.1470207?hl=fr\" target=\"_blank\" rel=\"noreferrer noopener\" aria-label=\"Cliquer pour voir le plan d'acc\u00e8s (s\u2019ouvre dans un nouvel onglet)\">Cliquer pour voir le plan d&rsquo;acc\u00e8s<\/a> <\/p>\n\n\n\n<p class=\"has-medium-font-size\">L&rsquo;Enseignante : Brigitte Lanneluc (Dipl\u00f4me d&rsquo;\u00e9tat DEJEPS, 5e DAN UFA et 4e DAN A\u00cfKIKA\u00cf)<br><\/p>\n\n\n\n<figure class=\"wp-block-image\"><img loading=\"lazy\" width=\"1024\" height=\"684\" src=\"http:\/\/aikido-lege-cap-ferret.fr\/wp-content\/uploads\/2020\/02\/2020-01-28-Photo-cours-avec-Philippe-L\u00e9on-1024x684.jpg\" alt=\"\" class=\"wp-image-483\" srcset=\"https:\/\/aikido-lege-cap-ferret.fr\/wp-content\/uploads\/2020\/02\/2020-01-28-Photo-cours-avec-Philippe-L\u00e9on-1024x684.jpg 1024w, https:\/\/aikido-lege-cap-ferret.fr\/wp-content\/uploads\/2020\/02\/2020-01-28-Photo-cours-avec-Philippe-L\u00e9on-300x200.jpg 300w, https:\/\/aikido-lege-cap-ferret.fr\/wp-content\/uploads\/2020\/02\/2020-01-28-Photo-cours-avec-Philippe-L\u00e9on-768x513.jpg 768w, https:\/\/aikido-lege-cap-ferret.fr\/wp-content\/uploads\/2020\/02\/2020-01-28-Photo-cours-avec-Philippe-L\u00e9on.jpg 1177w\" sizes=\"(max-width: 709px) 85vw, (max-width: 909px) 67vw, (max-width: 1362px) 62vw, 840px\" \/><figcaption>Cours avec Philippe L\u00e9on, 7\u00e8me dan, directeur technique d&rsquo;Aquitaine<\/figcaption><\/figure>\n\n\n\n<p class=\"has-text-align-center has-medium-font-size\"><strong>CAP A\u00cfKIDO&nbsp;  &#8211;  Association loi 1901&nbsp;: N\u00b0 W336006926<\/strong><br><strong>Parution au journal officiel du 24 ao\u00fbt 2019 annonce 333<\/strong><br><strong>Affili\u00e9e \u00e0 la <a rel=\"noreferrer noopener\" aria-label=\"FFAAA (s\u2019ouvre dans un nouvel onglet)\" href=\"https:\/\/www.aikido.com.fr\/\" target=\"_blank\">FFAAA<\/a> &nbsp;N\u00b0<\/strong> <strong>14331582<\/strong> <\/p>\n","protected":false},"excerpt":{"rendered":"<p>Le dojo se situe dans le bourg de L\u00e8ge : 61, Avenue de la Mairie, 33950 L\u00e8ge-Cap-Ferret Cliquer pour voir le plan d&rsquo;acc\u00e8s L&rsquo;Enseignante : Brigitte Lanneluc (Dipl\u00f4me d&rsquo;\u00e9tat DEJEPS, 5e DAN UFA et 4e DAN A\u00cfKIKA\u00cf) CAP A\u00cfKIDO&nbsp; &#8211; Association loi 1901&nbsp;: N\u00b0 W336006926Parution au journal officiel du 24 ao\u00fbt 2019 annonce 333Affili\u00e9e \u00e0 &hellip; <a href=\"https:\/\/aikido-lege-cap-ferret.fr\/?page_id=29\" class=\"more-link\">Continuer la lecture<span class=\"screen-reader-text\"> de &laquo;&nbsp;Le Club&nbsp;&raquo;<\/span><\/a><\/p>\n","protected":false},"author":1,"featured_media":0,"parent":0,"menu_order":0,"comment_status":"closed","ping_status":"closed","template":"","meta":[],"_links":{"self":[{"href":"https:\/\/aikido-lege-cap-ferret.fr\/index.php?rest_route=\/wp\/v2\/pages\/29"}],"collection":[{"href":"https:\/\/aikido-lege-cap-ferret.fr\/index.php?rest_route=\/wp\/v2\/pages"}],"about":[{"href":"https:\/\/aikido-lege-cap-ferret.fr\/index.php?rest_route=\/wp\/v2\/types\/page"}],"author":[{"embeddable":true,"href":"https:\/\/aikido-lege-cap-ferret.fr\/index.php?rest_route=\/wp\/v2\/users\/1"}],"replies":[{"embeddable":true,"href":"https:\/\/aikido-lege-cap-ferret.fr\/index.php?rest_route=%2Fwp%2Fv2%2Fcomments&post=29"}],"version-history":[{"count":17,"href":"https:\/\/aikido-lege-cap-ferret.fr\/index.php?rest_route=\/wp\/v2\/pages\/29\/revisions"}],"predecessor-version":[{"id":1066,"href":"https:\/\/aikido-lege-cap-ferret.fr\/index.php?rest_route=\/wp\/v2\/pages\/29\/revisions\/1066"}],"wp:attachment":[{"href":"https:\/\/aikido-lege-cap-ferret.fr\/index.php?rest_route=%2Fwp%2Fv2%2Fmedia&parent=29"}],"curies":[{"name":"wp","href":"https:\/\/api.w.org\/{rel}","templated":true}]}}