{"id":119,"date":"2019-08-20T17:51:26","date_gmt":"2019-08-20T15:51:26","guid":{"rendered":"http:\/\/aikido-lege-cap-ferret.fr\/?page_id=119"},"modified":"2019-08-21T08:58:24","modified_gmt":"2019-08-21T06:58:24","slug":"laikido","status":"publish","type":"page","link":"https:\/\/aikido-lege-cap-ferret.fr\/?page_id=119","title":{"rendered":"L&rsquo;A\u00efkido"},"content":{"rendered":"\n<p class=\"has-text-color has-bright-blue-color\"><strong>QU&rsquo;EST-CE QUE L&rsquo;A\u00cfKIDO ?<\/strong><\/p>\n\n\n\n<p>L\u2019A\u00efkido n\u2019est pas un sport de combat mais un Art Martial.<\/p>\n\n\n\n<p>C\u2019est un syst\u00e8me de d\u00e9fense visant \u00e0 rendre un attaquant\ninoffensif en ne lui causant pas de blessure.<\/p>\n\n\n\n<p class=\"has-text-color has-bright-blue-color\"><strong>D&rsquo;OU VIENT L&rsquo;A\u00cfKIDO ?<\/strong><\/p>\n\n\n\n<p>Les principes de l&rsquo;A\u00efkido ont \u00e9t\u00e9 instaur\u00e9s par Ma\u00eetre <strong>MORIHEI UESHIBA <\/strong>(1885-1969).<\/p>\n\n\n\n<p>L&rsquo;A\u00efkido est la forme MODERNE et PACIFIQUE d&rsquo;un ancien Art\nMartial Japonais, l&rsquo;AIKIJITSU.<\/p>\n\n\n\n<p class=\"has-text-color has-bright-blue-color\"><strong>QUE VEUT DIRE \u00ab\u00a0A\u00cfKIDO\u00a0\u00bb ?<\/strong><\/p>\n\n\n\n<p><strong>AI<\/strong>. :\nHarmonie, Coordination, UNION<\/p>\n\n\n\n<p><strong>KI<\/strong>. :\nPuissance interne, Esprit, ENERGIE<\/p>\n\n\n\n<p><strong>DO<\/strong>. :\n\u00c9tude, Recherche, VOIE<\/p>\n\n\n\n<p>A\u00efkido peut donc se traduire par la recherche de la coordination\nmentale et physique.<\/p>\n\n\n\n<p class=\"has-text-color has-bright-blue-color\"><strong>L\u2019ABSENCE DE COMP\u00c9TITION<\/strong><\/p>\n\n\n\n<p>L\u2019A\u00efkido permet \u00e0 chacun d\u2019atteindre un niveau technique que la comp\u00e9tition aurait peut-\u00eatre d\u00e9courag\u00e9. La notion \u00ab\u00a0Vaincre l&rsquo;autre\u00a0\u00bb est alors remplac\u00e9e par \u00ab\u00a0Le d\u00e9passement de soi\u00a0\u00bb. Les r\u00e9sultats ne sont que la mesure de l\u2019investissement personnel.<\/p>\n\n\n\n<p class=\"has-text-color has-bright-blue-color\"><strong>\u00c0 QUI S\u2019ADRESSE L&rsquo;A\u00cfKIDO ?<\/strong><\/p>\n\n\n\n<p>Par sa nature, l\u2019A\u00efkido est accessible \u00e0 tous : hommes, femmes et enfants.<\/p>\n\n\n\n<p><strong>Les adultes<\/strong><\/p>\n\n\n\n<p>Bas\u00e9 sur un ensemble de techniques redoutables, l&rsquo;A\u00efkido permet\n\u00e0 chacun de s\u2019\u00e9panouir et de progresser \u00e0 son rythme et de d\u00e9velopper des\ncapacit\u00e9s d\u2019adaptation et la ma\u00eetrise de soi.<\/p>\n\n\n\n<p>L\u2019A\u00efkido ne n\u00e9cessite pas de force physique car l\u2019efficacit\u00e9 des\ntechniques repose sur le placement du corps et le rel\u00e2chement musculaire. Ces\ncomposantes en font l\u2019Art Martial le plus adapt\u00e9 aux femmes.<\/p>\n\n\n\n<p><strong>Les enfants<\/strong><\/p>\n\n\n\n<p>Coordination motrice et concentration se compl\u00e8tent pour leur\npermettre de se familiariser avec des techniques \u00e9labor\u00e9es. Les armes sont des\nsupports p\u00e9dagogiques efficaces pour parfaire l\u2019apprentissage des techniques \u00e0\nmains nues.<\/p>\n\n\n\n<p class=\"has-text-color has-bright-blue-color\"><strong>POURQUOI L\u2019A\u00cfKIDO ?<\/strong><\/p>\n\n\n\n<p>L&rsquo;A\u00efkido permet de prendre conscience de son corps et de\nd\u00e9velopper motricit\u00e9, dynamisme, \u00e9quilibre et souplesse en travaillant les\nd\u00e9placements et les techniques de chute.<\/p>\n\n\n\n<p>Autant de notions qui permettent \u00e0 chacun de mieux comprendre et\nd\u2019accepter son corps, pour son propre \u00e9panouissement.<\/p>\n\n\n\n<p><\/p>\n","protected":false},"excerpt":{"rendered":"<p>QU&rsquo;EST-CE QUE L&rsquo;A\u00cfKIDO ? L\u2019A\u00efkido n\u2019est pas un sport de combat mais un Art Martial. C\u2019est un syst\u00e8me de d\u00e9fense visant \u00e0 rendre un attaquant inoffensif en ne lui causant pas de blessure. D&rsquo;OU VIENT L&rsquo;A\u00cfKIDO ? Les principes de l&rsquo;A\u00efkido ont \u00e9t\u00e9 instaur\u00e9s par Ma\u00eetre MORIHEI UESHIBA (1885-1969). L&rsquo;A\u00efkido est la forme MODERNE et &hellip; <a href=\"https:\/\/aikido-lege-cap-ferret.fr\/?page_id=119\" class=\"more-link\">Continuer la lecture<span class=\"screen-reader-text\"> de &laquo;&nbsp;L&rsquo;A\u00efkido&nbsp;&raquo;<\/span><\/a><\/p>\n","protected":false},"author":1,"featured_media":0,"parent":0,"menu_order":0,"comment_status":"closed","ping_status":"closed","template":"","meta":[],"_links":{"self":[{"href":"https:\/\/aikido-lege-cap-ferret.fr\/index.php?rest_route=\/wp\/v2\/pages\/119"}],"collection":[{"href":"https:\/\/aikido-lege-cap-ferret.fr\/index.php?rest_route=\/wp\/v2\/pages"}],"about":[{"href":"https:\/\/aikido-lege-cap-ferret.fr\/index.php?rest_route=\/wp\/v2\/types\/page"}],"author":[{"embeddable":true,"href":"https:\/\/aikido-lege-cap-ferret.fr\/index.php?rest_route=\/wp\/v2\/users\/1"}],"replies":[{"embeddable":true,"href":"https:\/\/aikido-lege-cap-ferret.fr\/index.php?rest_route=%2Fwp%2Fv2%2Fcomments&post=119"}],"version-history":[{"count":4,"href":"https:\/\/aikido-lege-cap-ferret.fr\/index.php?rest_route=\/wp\/v2\/pages\/119\/revisions"}],"predecessor-version":[{"id":139,"href":"https:\/\/aikido-lege-cap-ferret.fr\/index.php?rest_route=\/wp\/v2\/pages\/119\/revisions\/139"}],"wp:attachment":[{"href":"https:\/\/aikido-lege-cap-ferret.fr\/index.php?rest_route=%2Fwp%2Fv2%2Fmedia&parent=119"}],"curies":[{"name":"wp","href":"https:\/\/api.w.org\/{rel}","templated":true}]}}